{"id":2,"date":"2025-02-05T13:06:37","date_gmt":"2025-02-05T13:06:37","guid":{"rendered":"https:\/\/fiance.com.mx\/?page_id=2"},"modified":"2026-04-02T20:04:08","modified_gmt":"2026-04-02T20:04:08","slug":"sample-page","status":"publish","type":"page","link":"https:\/\/fiance.com.mx\/","title":{"rendered":"Quienes Somos"},"content":{"rendered":"\n<blockquote class=\"wp-block-quote is-layout-flow wp-block-quote-is-layout-flow\">\n<p><\/p>\n<\/blockquote>\n\n\n\n<p>Fiance<\/p>\n\n\n\n<blockquote class=\"wp-block-quote is-layout-flow wp-block-quote-is-layout-flow\">\n<p>Somo un equipo de fotograf\u00eda y video especializada en el reportaje social con mas de veinte a\u00f1os  de experiencia en el mundo de los eventos sociales dise\u00f1ado para proporcionar un servicio de alta calidad a  sus cleintes y amigos.<\/p>\n<\/blockquote>\n\n\n\n<p><\/p>\n","protected":false},"excerpt":{"rendered":"<p>Fiance Somo un equipo de fotograf\u00eda y video especializada en el reportaje social con mas de veinte a\u00f1os de experiencia en el mundo de los eventos sociales dise\u00f1ado para proporcionar un servicio de alta calidad a sus cleintes y amigos.<\/p>\n","protected":false},"author":1,"featured_media":0,"parent":0,"menu_order":0,"comment_status":"closed","ping_status":"open","template":"","meta":{"_vp_format_video_url":"","_vp_image_focal_point":[],"_joinchat":[],"footnotes":""},"class_list":["post-2","page","type-page","status-publish","hentry"],"_links":{"self":[{"href":"https:\/\/fiance.com.mx\/index.php?rest_route=\/wp\/v2\/pages\/2","targetHints":{"allow":["GET"]}}],"collection":[{"href":"https:\/\/fiance.com.mx\/index.php?rest_route=\/wp\/v2\/pages"}],"about":[{"href":"https:\/\/fiance.com.mx\/index.php?rest_route=\/wp\/v2\/types\/page"}],"author":[{"embeddable":true,"href":"https:\/\/fiance.com.mx\/index.php?rest_route=\/wp\/v2\/users\/1"}],"replies":[{"embeddable":true,"href":"https:\/\/fiance.com.mx\/index.php?rest_route=%2Fwp%2Fv2%2Fcomments&post=2"}],"version-history":[{"count":2,"href":"https:\/\/fiance.com.mx\/index.php?rest_route=\/wp\/v2\/pages\/2\/revisions"}],"predecessor-version":[{"id":831,"href":"https:\/\/fiance.com.mx\/index.php?rest_route=\/wp\/v2\/pages\/2\/revisions\/831"}],"wp:attachment":[{"href":"https:\/\/fiance.com.mx\/index.php?rest_route=%2Fwp%2Fv2%2Fmedia&parent=2"}],"curies":[{"name":"wp","href":"https:\/\/api.w.org\/{rel}","templated":true}]}}